e i(8).
8
Let d(k) = 436*k + 3761. Calculate d(-8).
273
Let u(a) = a**2 + 413*a - 41167. Calculate u(83).
1
Let y(l) = 2*l**3 + 2*l**2 - 8*l - 12. Calculate y(5).
248
Let x(v) = 10*v**3 - 52*v**2 - 3*v + 55. Calculate x(5).
-10
Let i(o) = -78*o + 327. Give i(4).
15
Let p(h) = -h**3 + 5*h**2 - 11*h - 14. Calculate p(5).
-69
Let w(a) = -792*a - 111667. Give w(-141).
5
Let t(o) = -3*o**2 + 93*o + 155. Calculate t(33).
-43
Let g(p) = p**3 + 15*p**2 + 7*p + 19. What is g(-11)?
426
Let i(u) = 3*u**3 + 9*u**2 - 3*u - 24. What is i(-3)?
-15
Let p(x) = x**2 - 342*x - 2070. Calculate p(-6).
18
Let t(f) = -f**3 + 35*f**2 - 250*f - 2. Calculate t(25).
-2
Let b(k) = -8*k - 666. Give b(77).
-1282
Let q(v) = 2*v**3 - 7*v**2 - 2. What is q(2)?
-14
Let b(c) = -70*c**2 + 2*c - 12. What is b(-2)?
-296
Let i(j) = 4*j**2 - 55*j + 144. Calculate i(4).
-12
Let k(c) = -4*c**3 + 55*c**2 + 19*c - 134. What is k(14)?
-64
Let f(x) = 355*x + 80222. What is f(-226)?
-8
Let y(t) = t**3 + 15*t**2 - 13*t - 49. Calculate y(-16).
-97
Let d(f) = 558*f - 2234. What is d(4)?
-2
Let o(w) = w**3 + 45*w**2 - 51*w - 54. Give o(-46).
176
Let x(a) = -34*a + 10. Determine x(-2).
78
Let c(x) = 17*x**2 + 4*x - 43. What is c(2)?
33
Let k(a) = a**3 + 35*a**2 + 52*a - 457. Calculate k(-33).
5
Let z(m) = -14*m - 67. Calculate z(-14).
129
Let n(z) = 143*z + 707. What is n(-5)?
-8
Let f(b) = 573*b + 5736. Give f(-10).
6
Let t(v) = -747*v + 11952. Give t(16).
0
Let b(k) = 13*k + 172. Calculate b(-8).
68
Let q(s) = -48*s**2 + 1106*s + 4. What is q(23)?
50
Let x(j) = -12*j**3 - 26*j**2 + 10*j + 42. Give x(-3).
102
Let o(u) = -15*u + 179. Give o(13).
-16
Let d(h) = -180*h**2 - 56*h - 55. What is d(-1)?
-179
Let r(d) = -d**3 - 25*d**2 + 54*d + 61. Give r(-27).
61
Let l(r) = 3*r**3 - 15*r**2 + 6*r - 38. Determine l(5).
-8
Let i(p) = p**3 - 65*p**2 + 71*p - 111. Determine i(64).
337
Let i(o) = -88*o - 523. What is i(-6)?
5
Let c(z) = z**2 - z - 221. Determine c(18).
85
Let j(n) = 37*n - 1049. Calculate j(22).
-235
Let g(r) = r**3 - 155*r**2 + 1176*r + 1. Determine g(147).
1
Let c(b) = b**2 + 90*b - 1571. Give c(-105).
4
Let p(d) = 2*d**3 + 36*d**2 + 38*d - 24. What is p(-17)?
-92
Let y(a) = -a**3 - 20*a**2 + 18*a - 58. Determine y(-21).
5
Let k(m) = -971*m + 8704. Determine k(9).
-35
Let o(t) = 74*t + 2200. What is o(-29)?
54
Let a(f) = -f**2 - 996*f - 15659. Determine a(-16).
21
Let i(v) = -663*v - 1981. Calculate i(-3).
8
Let b(g) = -2*g**3 - 35*g**2 - 99*g - 51. Calculate b(-14).
-37
Let l(x) = -62*x + 278. Determine l(4).
30
Let l(r) = -5*r + 85. Calculate l(8).
45
Let r(p) = 7*p**2 - 187*p + 875. What is r(6)?
5
Let u(w) = 48*w + 605. Calculate u(-13).
-19
Let x(j) = -j**3 - 11*j**2 + 109*j + 131. What is x(7)?
12
Let h(q) = -q**2 - 183*q + 736. What is h(4)?
-12
Let r(c) = c**3 - 7*c**2 + 66*c - 412. Calculate r(7).
50
Let l(k) = -56*k + 3619. What is l(65)?
-21
Let t(y) = 2*y**2 - 15*y + 13. What is t(14)?
195
Let v(z) = -871*z - 27840. Determine v(-32).
32
Let i(n) = 12*n**3 + 755*n**2 - 69*n - 376. Determine i(-63).
2
Let w(y) = -2*y**3 + 36*y**2 + 1203*y + 236. Give w(-17).
15
Let p(j) = -3*j**3 + 30*j**2 + 36*j - 8. Give p(11).
25
Let y(a) = 34340*a - 137357. Determine y(4).
3
Let n(i) = -i**3 - 58*i**2 + 7*i + 370. Calculate n(-58).
-36
Let c(n) = -n**3 + 3*n**2 + 78*n - 220. Give c(9).
-4
Let b(r) = -257*r**3 - 3*r**2 + 3*r + 3. Calculate b(-1).
254
Let i(w) = 3*w**2 - 98*w + 698. Determine i(8).
106
Let g(a) = -7*a**2 + 240*a + 82. Give g(35).
-93
Let m(h) = h**3 - 19*h**2 - 13*h - 228. Calculate m(20).
-88
Let k(h) = 627*h - 4467. Calculate k(7).
-78
Let b(u) = -u**3 + 83*u**2 - 228*u - 967. Determine b(80).
-7
Let n(r) = -5*r**2 - 35*r - 40. Give n(-5).
10
Let o(q) = 111*q + 2324. What is o(-21)?
-7
Let o(s) = 15*s + 132. What is o(-9)?
-3
Let y(r) = r**3 - 4*r**2 - 53*r - 28. Give y(-5).
12
Let t(z) = 107*z - 19359. Determine t(181).
8
Let r(v) = 2*v**3 + 21*v**2 + 23*v + 138. Give r(-10).
8
Let s(w) = 3*w**2 - 11*w + 1. Give s(3).
-5
Let l(q) = -33*q - 410. What is l(-12)?
-14
Let c(o) = 2*o**3 + 84*o**2 - 83*o + 129. Calculate c(-43).
0
Let r(s) = 46*s - 173. Give r(6).
103
Let q(u) = u**3 + 25*u**2 + 16*u - 206. Determine q(-24).
-14
Let q(h) = -12*h**2 + 322*h - 263. Determine q(26).
-3
Let l(z) = -z**3 - 88*z**2 + 466*z + 83. Give l(-93).
-10
Let j(f) = -f**2 + 77*f - 64. Give j(75).
86
Let k(m) = 2296*m + 2289. Give k(-1).
-7
Let s(q) = q**3 - 195*q**2 - q + 28. Calculate s(0).
28
Let o(h) = -h**3 + 72*h**2 - 139*h - 108. Calculate o(70).
-38
Let w(x) = 98*x - 1178. Give w(12).
-2
Let h(j) = j**2 + 99*j - 204. Determine h(-101).
-2
Let q(l) = l**2 - 253*l - 7849. Give q(-28).
19
Let g(f) = -f**2 + 340*f + 23088. Determine g(398).
4
Let y(i) = i**3 - 35*i**2 + 260*i + 124. What is y(24)?
28
Let l(c) = 45*c + 1414. Determine l(-29).
109
Let f(g) = 24163*g + 48322. What is f(-2)?
-4
Let p(t) = t**2 + 43*t + 215. What is p(-6)?
-7
Let l(c) = -c**3 + 2*c**2 + 9*c + 48. Give l(6).
-42
Let p(r) = -r**3 + 24*r**2 - 6*r + 112. What is p(24)?
-32
Let s(n) = 84*n + 294. What is s(-3)?
42
Let j(x) = 6*x**3 - 15*x**2 + 10*x - 22. What is j(3)?
35
Let n(i) = i**3 + 69*i**2 - 13. Calculate n(-69).
-13
Let o(j) = j**3 - 5*j**2 + 13*j - 47. Determine o(4).
-11
Let x(c) = -22*c**2 - 170*c - 142. Determine x(-7).
-30
Let c(l) = -16*l + 1377. What is c(85)?
17
Let f(i) = -162*i - 1145. Give f(-7).
-11
Let w(j) = 177*j - 340. Determine w(5).
545
Let b(q) = 26*q**2 + 3*q + 10. Determine b(-2).
108
Let u(s) = -420*s**2 + 2*s - 1. Calculate u(1).
-419
Let q(n) = 6*n**2 - 16*n + 10. Determine q(1).
0
Let n(q) = -2*q**3 - 10*q**2 + 120*q + 657. What is n(-6)?
9
Let i(v) = 2*v - 67. What is i(41)?
15
Let z(l) = 38*l - 689. Give z(22).
147
Let p(d) = -27*d**2 + 1540*d - 27. Determine p(57).
30
Let m(b) = -b**3 - 13*b**2 - 51*b - 58. Calculate m(-8).
30
Let d(m) = -3110*m + 12455. Give d(4).
15
Let q(k) = -2*k**2 + 50*k - 1. Calculate q(0).
-1
Let u(w) = 15*w**2 + 97*w + 402. Calculate u(-4).
254
Let i(x) = -18*x**3 - 2*x**2 + 3*x + 4. Determine i(-1).
17
Let b(l) = -2*l**2 - 55*l + 376. What is b(-33)?
13
Let p(t) = -8*t + 768. Determine p(91).
40
Let a(j) = -3*j**3 + 46*j**2 - 11*j - 33. What is a(15)?
27
Let x(i) = 18*i - 77. Calculate x(15).
193
Let l(j) = 75*j + 7. Calculate l(-1).
-68
Let w(c) = 63*c**2 - 1951*c - 72. What is w(31)?
-10
Let b(m) = -545*m - 1120. What is b(-2)?
-30
Let p(d) = -65159*d + 390948. Determine p(6).
-6
Let d(k) = k**3 - 273*k**2 + 809*k + 285. Calculate d(270).
15
Let c(b) = 2*b + 25. Determine c(-15).
-5
Let d(o) = o**2 - 28*o - 16. Determine d(25).
-91
Let w(g) = -g**3 - 5*g**2 + 79*g + 656. What is w(-9)?
269
Let i(p) = p**3 - 8*p**2 + 3*p + 33. What is i(0)?
33
Let h(u) = -2*u**3 - 161*u**2 + 92*u + 941. Give h(-81).
50
Let q(o) = -24*o - 39. What is q(-4)?
57
Let s(g) = -188*g - 46454. What is s(-247)?
-18
Let g(b) = -49*b**3 - 4*b**2 - 6*b + 1. Calculate g(-1).
52
Let h(w) = -2*w**3 - 25*w**2 + 44*w + 35. Determine h(-13).
-368
Let n(i) = i**3 - 22*i**2 + 42*i - 221. Calculate n(21).
220
Let z(i) = 3*i**3 + 16*i**2 + 16*i + 16. Give z(-8).
-624
Let c(l) = -3*l**2 - 472*l - 2847. What is c(-151)?
22
Let g(i) = -i**2 - 111*i - 1293. Give g(-13).
-19
Let w(v) = v**3 + 4*v**2 - 15*v - 30. What is w(3)?
-12
Let v(a) = -58*a + 5. Give v(-2).
121
Let i(g) = 87*g - 81. Determine i(3).
180
Let w(j) = 2*j**3 - 28*j - 72. Calculate w(-3).
-42
Let n(r) = 57*r. Determine n(-1).
-57
Let i(p) = -1000*p + 12001. Determine i(12).
1
Let w(t) = 3*t**3 - 19*t**2 + 30*t - 16. What is w(4)?
-8
Let i(o) = -o**3 + 22*o**2 + 9*o - 51. Give i(22).
147
Let w(r) = r**3 - 11*r**2 - 21*r + 225. Calculate w(11).
-6
Let v(g) = 2*g - 38. Give v(16).
-6
Let z(l) = 29661*l - 266949. Calculate z(9).
0
Let f(w) = 2*w**3 + 2*w**2 - 15*w + 2. Give f(3).
29
Let r(p) = 9*p**3 - 12*p**2 - 46*p + 6. Calculate r(4).
206
Let x(f) = f**3 + 29*f**2 - 916*f + 70. Calculate x(19).
-6
Let k(j) = j**3 + 16*j**2 - 28*j + 29. Determine k(-18).
-115
Let f(c) = -c**2 - 12*c + 605. Determine f(-31).
16
Let a(d) = -2*d**3 - 14*d**2 - 7*d - 99. Calculate a(-7).
-50
Let m(n) = n**3 - 39*n**2 - 37*n - 129. What is m(40)?
-9
Let v(r) = -38*r**2 - 2242*r + 23. What is v(-59)?
23
Let y(w) = w**2 + 22*w + 85. Determine y(-13).
